of 7252018.
2, 3626009
List the prime factors of 3997315.
5, 7, 19, 6011
List the prime factors of 132512.
2, 41, 101
List the prime factors of 15846861.
3, 421, 12547
What are the prime factors of 7974701?
7, 162749
What are the prime factors of 15455224?
2, 53, 36451
List the prime factors of 2144501.
2144501
What are the prime factors of 632736?
2, 3, 13
What are the prime factors of 2617416?
2, 3, 36353
What are the prime factors of 2680147?
43, 157, 397
What are the prime factors of 13679762?
2, 43, 73, 2179
List the prime factors of 12398748.
2, 3, 23, 167, 269
List the prime factors of 117062.
2, 11, 17, 313
List the prime factors of 4351228.
2, 7, 19, 8179
List the prime factors of 136447.
136447
List the prime factors of 3748047.
3, 29, 67, 643
What are the prime factors of 1881279?
3, 69677
List the prime factors of 3977087.
3977087
What are the prime factors of 15994850?
2, 5, 319897
What are the prime factors of 13845961?
13845961
What are the prime factors of 416271?
3, 19, 67, 109
What are the prime factors of 44621205?
3, 5, 2974747
What are the prime factors of 9810241?
7, 17, 11777
What are the prime factors of 3216443?
43, 131, 571
List the prime factors of 300983.
491, 613
What are the prime factors of 4013381?
1117, 3593
List the prime factors of 129118.
2, 11, 5869
What are the prime factors of 6607120?
2, 5, 13, 6353
List the prime factors of 564430.
2, 5, 56443
List the prime factors of 220403.
220403
List the prime factors of 2841880.
2, 5, 23, 3089
List the prime factors of 41066487.
3, 7, 11, 19753
What are the prime factors of 785276?
2, 47, 4177
What are the prime factors of 312268?
2, 11, 47, 151
List the prime factors of 772389.
3, 28607
List the prime factors of 735351.
3, 31, 7907
List the prime factors of 124048.
2, 7753
What are the prime factors of 211847?
41, 5167
What are the prime factors of 145854?
2, 3, 37, 73
List the prime factors of 4381474.
2, 2190737
List the prime factors of 170718.
2, 3, 37, 769
What are the prime factors of 1609028?
2, 433, 929
What are the prime factors of 443154?
2, 3, 73859
List the prime factors of 1145655.
3, 5, 7, 3637
List the prime factors of 8278569.
3, 13, 173, 409
What are the prime factors of 1770576?
2, 3, 36887
What are the prime factors of 899068?
2, 73, 3079
What are the prime factors of 52006?
2, 26003
What are the prime factors of 7098342?
2, 3, 1183057
What are the prime factors of 6641611?
17, 37, 10559
What are the prime factors of 2877598?
2, 769, 1871
What are the prime factors of 261307?
17, 19, 809
List the prime factors of 1081437.
3, 7, 23, 2239
List the prime factors of 237208.
2, 149, 199
List the prime factors of 888585.
3, 5, 59239
List the prime factors of 9488071.
67, 141613
What are the prime factors of 12747590?
2, 5, 1274759
What are the prime factors of 18301043?
491, 37273
List the prime factors of 119187.
3, 17, 19, 41
List the prime factors of 15198217.
127, 119671
List the prime factors of 1769276.
2, 442319
What are the prime factors of 119108?
2, 11, 2707
List the prime factors of 217111.
217111
List the prime factors of 280227.
3, 29, 3221
List the prime factors of 360842.
2, 17, 10613
What are the prime factors of 21785110?
2, 5, 2178511
List the prime factors of 68772.
2, 3, 11, 521
What are the prime factors of 137809?
7, 19687
What are the prime factors of 292855?
5, 37, 1583
What are the prime factors of 846113?
846113
What are the prime factors of 175299?
3, 71, 823
List the prime factors of 1055821.
13, 241, 337
List the prime factors of 325330.
2, 5, 32533
What are the prime factors of 280332?
2, 3, 13, 599
What are the prime factors of 10533036?
2, 3, 97, 9049
List the prime factors of 129623.
13, 59
What are the prime factors of 28145676?
2, 3, 13, 17, 10613
List the prime factors of 17421051.
3, 23, 61, 4139
What are the prime factors of 361767?
3, 7, 23, 107
What are the prime factors of 127006?
2, 11, 23, 251
List the prime factors of 433280.
2, 5, 677
What are the prime factors of 694024?
2, 86753
What are the prime factors of 1953981?
3, 199, 1091
What are the prime factors of 107833?
11, 9803
List the prime factors of 2276925.
3, 5, 7, 4337
List the prime factors of 2393655.
3, 5, 11, 89, 163
List the prime factors of 2608894.
2, 251, 5197
What are the prime factors of 294850?
2, 5, 5897
List the prime factors of 333610.
2, 5, 73, 457
What are the prime factors of 1350259?
17, 79427
What are the prime factors of 19297120?
2, 5, 120607
List the prime factors of 2978735.
5, 29, 20543
What are the prime factors of 477113?
7, 13, 107
What are the prime factors of 383161?
619
List the prime factors of 1527125.
5, 19, 643
List the prime factors of 6447490.
2, 5, 7, 92107
What are the prime factors of 1389310?
2, 5, 13, 10687
What are the prime factors of 19502180?
2, 5, 47, 20747
What are the prime factors of 7613271?
3, 193, 487
List the prime factors of 55445.
5, 13, 853
List the prime factors of 5144356.
2, 7, 269, 683
What are the prime factors of 217566?
2, 3, 17, 79
What are the prime factors of 4715552?
2, 23, 43, 149
List the prime factors of 5600057.
31, 180647
What are the prime factors of 30657482?
2, 23, 666467
List the prime factors of 1160.
2, 5, 29
List the prime factors of 563618.
2, 11, 17, 137
What are the prime factors of 23386?
2, 11, 1063
What are the prime factors of 3442972?
2, 13, 73, 907
What are the prime factors of 730780?
2, 5, 61, 599
What are the prime factors of 853254?
2, 3, 23, 229
List the prime factors of 13897739.
179, 77641
List the prime factors of 1067759.
7, 11, 283
What are the prime factors of 22669881?
3, 13, 23, 127, 199
What are the prime factors of 3029104?
2, 13, 14563
List the prime factors of 295824.
2, 3, 6163
What are the prime factors of 4410112?
2, 7, 23, 107
List the prime factors of 2155007.
2155007
What are the prime factors of 2811247?
41, 68567
What are the prime factors of 712367?
19, 37493
What are the prime factors of 3369079?
7, 481297
What are the prime factors of 1708271?
19, 89909
List the prime factors of 7747480.
2, 5, 13, 47, 317
What are the prime factors of 1209619?
29, 53, 787
List the prime factors of 1199825.
5, 11, 4363
What are the prime factors of 12903010?
2, 5, 37, 43, 811
What are the prime factors of 13806978?
2, 3, 2301163
What are the prime factors of 2784830?
2, 5, 19, 14657
What are the prime factors of 988247?
13, 19, 4001
List the prime factors of 19670813.
983, 20011
What are the prime factors of 28090754?
2, 137, 157, 653
What are the prime factors of 668108?
2, 7, 107, 223
List the prime factors of 24569855.
5, 4913971
What are the prime factors of 8529251?
23, 370837
What are the prime factors of 220270?
2, 5, 22027
List the prime factors of 330200.
2, 5, 13, 127
List the prime factors of 26421514.
2, 7, 19, 71, 1399
List the prime factors of 22219249.
13, 29, 58937
What are the prime factors of 579604?
2, 47, 3083
List the prime factors of 169230.
2, 3, 5, 5641
List the prime factors of 214275.
3, 5, 2857
What are the prime factors of 17270679?
3, 71, 81083
What are the prime factors of 1418521?
13, 19, 5743
List the prime factors of 28316.
2, 7079
List the prime factors of 322563.
3, 19, 5659
List the prime factors of 173631.
3, 31, 1867
What are the prime factors of 115873?
115873
List the prime factors of 8617308.
2, 3, 7, 102587
List the prime factors of 1446339.
3, 89, 5417
List the prime factors of 12436711.
7, 1776673
List the prime factors of 802374.
2, 3, 173, 773
What are the prime factors of 207458?
2, 47, 2207
What are the prime factors of 90666?
2, 3, 23, 73
List the prime factors of 639570.
2, 3, 5, 21319
List the prime factors of 395437.
7, 17, 3323
List the prime factors of 518672.
2, 7, 11, 421
What are the prime factors of 248050?
2, 5, 11, 41
List the prime factors of 131091.
3, 37, 1181
List the prime factors of 1696292.
2, 13, 32621
What are the prime factors of 997139?
11, 13, 19, 367
List the prime factors of 452412.
2, 3, 59, 71
What are the prime factors of 933007?
31, 30097
What are the prime factors of 1261848?
2, 3, 7, 29, 37
What are the prime factors of 184576?
2, 7, 103
What are the prime factors of 245750?
2, 5, 983
What are the prime factors of 217402?
2, 71, 1531
List the prime factors of 663244.
2,